derivative of 3*b + 0 + 1/3*b**3 - 1/20*b**5 + b**2 + 7/12*b**4. What is the tens digit of g(7)?
1
Suppose 2*q + p = -0 - 5, -12 = 4*p. Let o be (-3)/(4 - q - 4). What is the tens digit of 4/(o/(33/(-2)))?
2
Suppose -j = 3*d + 12, j + 27 = 5*j - 3*d. Suppose 4*g + 3*s = 39 + 32, -2*s = j*g - 52. What is the units digit of g?
4
Let r = 146 - 138. What is the tens digit of (478/(-3))/(r/(-12)) - -2?
4
Suppose -o - 4*o + 1110 = 5*w, 0 = -3*w + 3*o + 696. What is the tens digit of w?
2
Suppose c + 4*c + 110 = 5*s, -c + 4*s = 25. Let u = c - -16. Let r = u - -21. What is the units digit of r?
6
Let a(z) = z**3 + 7*z**2 + 6*z + 11. Suppose 3*t - w + 36 = 13, 0 = -2*t - 3*w + 3. What is the units digit of a(t)?
1
Suppose -4*j = -n - 28, 3*n = 3*j + 21 - 78. Suppose 51*s - 64*s = -624. Let q = n + s. What is the units digit of q?
2
Let i be -1 + 166 + 2 + -5. Suppose -342 = -7*j + i. What is the tens digit of j?
7
Suppose 2*o = 11*o - 1998. Suppose 0 = 8*n - 10*n + o. What is the tens digit of n?
1
Suppose 558 + 1184 = 2*v. What is the units digit of v?
1
Suppose 2*i - 1720 = -0*i. Suppose -7*l + 3*l = -i. Suppose 2*g - 46 = -5*v, -5*v = -4*g + l - 63. What is the tens digit of g?
3
Let n(j) = -30*j + 209. What is the units digit of n(-6)?
9
Let m(n) = -n**2 - 3*n + 12. Let h be m(-5). Suppose -10 = 5*f + 5*d, f + h = -4*f - d. What is the units digit of (-2)/(-1)*(1 - f)?
2
Suppose 12*f - 34 = -10. Let t(z) = z + 33. Let x be t(0). Suppose -f*s + x = -s. What is the tens digit of s?
3
Let t = -9 + 5. Let a be 7/(-14) - 54/t. Let i = 8 + a. What is the tens digit of i?
2
Let p be 8/44*-1 + 246/22. Let t be 1 + 0 + -1 - -26. Let r = t - p. What is the units digit of r?
5
Suppose -2797 = -4*d - 757. Let p = d - 345. What is the hundreds digit of p?
1
What is the units digit of (276/(-10))/(21/(-26775)*10)?
9
Suppose 4*b - 407 = -p - 48, 0 = b - 4*p - 111. Suppose -q + b - 33 = 0. What is the units digit of q?
8
Let k(m) = -m**3. Let c(q) = 8*q**3 + q**2 - 16*q + 1. Let t(i) = 7*i**3 - 16*i + 1. Let u(j) = 6*c(j) - 7*t(j). Let g be u(8). What is the units digit of k(g)?
1
Let s be 7/(-9) - 6/27. Let m(n) = -27*n - 1. What is the units digit of m(s)?
6
Suppose 7*m - 25 = 2*m. Suppose -3*z + m*z = 14. Suppose -2*j + 36 = 2*g, g - 29 = 5*j + z. What is the units digit of g?
1
Let o be (-20)/25*(-30)/(-4). Let r = 9 + o. Suppose 0 = r*m - 11 - 58. What is the tens digit of m?
2
Let z(j) = j + 4. Let x be z(-4). Suppose -a + 18 - 2 = x. Suppose 5*d - 13 = 2*w, 4*w + a = 4*d + 8*w. What is the units digit of d?
3
Let b be 10/4*6*29/15. Let g be ((-4)/6)/(2/(-3)). What is the tens digit of b/(((-4)/g)/(-4))?
2
Let k(g) = g**2 + g - 5. Let n be k(4). Suppose -2*r + n - 13 = 0. What is the units digit of r?
1
Let o(g) = 5*g**3 - 2*g**2 + 5*g - 9. What is the units digit of o(3)?
3
What is the hundreds digit of 7/(35/20)*(81 + 5)?
3
Let h(o) = o**2 - o - 3. Let z be h(-2). What is the units digit of ((-9)/(-6))/(-4*z/(-352))?
4
Let n be (1 + -4 - -3)*1. Suppose n = 2*c - 0*c - 6. Suppose -l + c + 7 = 0. What is the tens digit of l?
1
Suppose -o - 2190 = -5*k - 6*o, k = -4*o + 447. Suppose 0 = 5*p - 0*p + k. Let q = -53 - p. What is the units digit of q?
4
Let d = -438 + 514. What is the tens digit of d?
7
Let v(w) = 20*w**2 - 41*w + 46. What is the tens digit of v(13)?
9
Suppose -1993 = -13*w + 4351. What is the tens digit of w/6 - (-10)/(-30)?
8
Let c(s) = s + 9. Let m be c(-9). Suppose m = -4*l + 57 + 191. Suppose 0 = -2*w - 4*y + 28, 4*w - w - l = -2*y. What is the units digit of w?
4
Let o be 1 + (5 - 0 - 3). Let c = o - -1. Suppose -w - 75 = -c*w. What is the units digit of w?
5
Let t(l) = 17*l**2 + 39*l + 500. What is the tens digit of t(-14)?
8
Let j(v) = -v**2 + 6*v - 1. Suppose 0 = 4*n + 2*r - 16, n + 2*n + r - 12 = 0. What is the units digit of j(n)?
7
Let r(b) = 4*b**2 + 7*b + 2. Let m(s) = -s**3 - 5*s**2 - 7*s - 2. Let k(d) = -2*m(d) - 3*r(d). What is the tens digit of k(4)?
6
Let t = 288 - -12. Suppose t = -3*q + 8*q. What is the tens digit of q?
6
Suppose 0 = -k - 0*k + 6. Suppose 0 = s - 22 - k. What is the units digit of s?
8
Suppose 4*i + 4 = 0, 6*i - 2*i + 562 = f. What is the units digit of f?
8
Suppose 7*q - 2*q - 601 = 2*r, 3*q - 361 = r. Suppose -3*z = -5*i + q, -3*i + 42 = -5*z - 21. What is the units digit of i?
6
What is the thousands digit of (140/12)/(-7) - (-73416)/18?
4
Let w(t) = -2*t - 12. Suppose -8*q + 4*q = 0. Let i be w(q). Let x = i + 33. What is the units digit of x?
1
Suppose -5*b + 3*c + 3488 + 199 = 0, -1477 = -2*b - c. What is the units digit of b?
8
Let m be -3*(2 + (-25)/15). What is the units digit of 0/1 - (m - 58)?
9
Let z(u) = -943*u + 401. What is the hundreds digit of z(-4)?
1
Let b(k) = 60*k - 94. What is the units digit of b(17)?
6
Let p(l) = 63*l - 226. What is the thousands digit of p(30)?
1
Let l(h) = 429*h + 31. What is the tens digit of l(1)?
6
Let y = 16 + -11. Let q(k) = 21*k - 5. What is the tens digit of q(y)?
0
What is the units digit of (10 + (-70)/6)*-1695?
5
Let i be 1/2 + 2497/22. Let j = i - 100. What is the tens digit of j?
1
Suppose -100 = -12*x + 7*x. Let q be ((-1)/(-1))/(1/(-5)). Let w = x - q. What is the units digit of w?
5
Let m = -86 + 79. What is the hundreds digit of -3 - m - 12*-19?
2
Let u(y) = 5*y**2 + 6*y + 7. What is the tens digit of u(-6)?
5
Suppose 0 = 3*f - 19 - 5. What is the tens digit of (100/16 - -4)/(2/f)?
4
Let q be 28/5 + 10/25. Suppose 0 = n - 0*n. Suppose -2*m + q*m - 28 = n. What is the units digit of m?
7
Suppose -3*w + 4*s + 28 = w, -2 = -2*w - 4*s. Suppose -49 = -2*d - 3*d + n, 2*d + w*n = -2. Let b = 33 - d. What is the tens digit of b?
2
Let r = 724 - -99. What is the tens digit of r?
2
Let h(i) = -3*i - 15. Let n(o) = -4*o - 22. Let a(j) = 8*h(j) - 5*n(j). Let c be a(-3). Suppose 87 + 59 = c*g. What is the units digit of g?
3
Suppose 0 = -t - 3*u + 1167, -4*t + u + 809 = -3911. What is the tens digit of t?
7
Let q(p) = -3*p**3 - 2*p**2 - 3*p - 2. Let f be q(-1). Let z(i) = 3*i + 5*i**2 - 5 + 6 - 2 + 4*i**f. What is the units digit of z(2)?
1
Let v = 18 + -5. Suppose -5*a + 4*w = -93, 2*a - 3*a + v = 2*w. Let j = 26 - a. What is the units digit of j?
9
Let h = 1253 + 581. What is the tens digit of h?
3
Suppose -6*u + 16 = 16. Suppose 4*o + u*o = f + 320, 5*o = f + 399. What is the units digit of o?
9
Let p = -13 + 17. Suppose 0 = b - 3*b - p. Let u = b - -15. What is the tens digit of u?
1
Let z = 1235 + 483. Let w = z - 863. What is the tens digit of (-2)/4 + w/18?
4
What is the units digit of (-117 - -2)*-1 + 1?
6
Suppose -3*v + 8*v = 2925. What is the hundreds digit of v?
5
Let w(v) = -2*v - 2. Suppose -5*q - 31 = 3*c, 0 = 5*c + 3*q + 9 + 16. Let p be w(c). Suppose -p*d + 39 + 17 = -4*j, d = 3*j + 26. What is the units digit of d?
2
Let j = 2699 - 1811. What is the units digit of j?
8
Let x be 5/2 - (-354)/12. Suppose -1056 = -36*s + x*s. What is the units digit of s?
4
Suppose 2*y = 3*y. Let i(x) = -6*x + y*x + 3 + 2*x. What is the tens digit of i(-7)?
3
Let o = 364 + -958. Suppose 2*q - 4 = 5*z + 6*q, 4*z - q + 20 = 0. What is the tens digit of o/(-21) - z/(-14)?
2
What is the tens digit of (-1 - (-20)/8)/(18/25356)?
1
Let y = -14 - -17. Suppose 2 + 13 = -5*h, s = y*h + 47. What is the units digit of s?
8
Let c(d) = d**3 + 7*d**2 + 6*d + 4. Let b be c(-6). Suppose -2*n + 338 = b*f, -3*n = -8*n - 5*f + 840. What is the hundreds digit of n?
1
Let c(q) = 3*q**2 + 5*q - 4. Let g be c(-4). What is the units digit of g/7*(-14)/(-2)?
4
Suppose 5*d - 423 = 4*d + r, -2*r + 2101 = 5*d. Let i = d + -142. What is the tens digit of i?
7
What is the tens digit of (-4)/(-5) + 2*(-105917)/(-70)?
2
Suppose 32*x - x - 91698 = 0. What is the tens digit of x?
5
Let b be ((-10)/(-8))/((-8)/224). What is the units digit of (-180)/(-7) + (-10)/b?
6
Let g be (-14232)/60 - 1/(-5). What is the units digit of g/(-2) - (-27)/18?
0
Let d = 1680 - -751. What is the tens digit of d?
3
Let n(o) = -o**3 - 2*o**2 - o. Let h(z) = z**3 - 4*z**2 - 2. Suppose x - 6*c + c - 9 = 0, 4*x - 15 = -c. Let w be h(x). What is the units digit of n(w)?
2
Let r = 173 + -77. Suppose -7*y + 114 = -r. What is the tens digit of y?
3
Suppose -285 = -6*q + 5*q - 4*y, q - 2*y - 261 = 0. What is the units digit 